e
Suppose 0 = 2*h - 899 + 141. Is h a prime number?
True
Let k(h) be the first derivative of 256*h**3/3 - h**2/2 + 4. Is k(-1) a prime number?
True
Suppose -4200 = n + 3*n. Let x = n + 717. Is 1/3*x/(-3) a composite number?
False
Suppose 3*j + 0*j + 3*a - 5910 = 0, 0 = -4*j - 5*a + 7881. Is j composite?
True
Suppose -2*r = -1121 + 231. Is r a composite number?
True
Let f(v) = -v + 2. Let u be f(3). Is 92/(5 + -3) - u composite?
False
Suppose -2 = -3*s + 4*s + 4*t, -5*s - 10 = t. Let m be ((-24)/6)/(1*s). Suppose -76 = -m*n - 2*n. Is n a composite number?
False
Suppose -6 + 154 = 4*w. Suppose 3*i - w = 137. Is i a prime number?
False
Let v = -612 + 958. Is v prime?
False
Let u(d) = -15*d - 2. Let i(c) = -29*c - 3. Let j(s) = 6*i(s) - 15*u(s). Is j(5) prime?
False
Suppose p - 4*w = 6*p + 2, -5*w - 11 = 2*p. Is (p/(-2))/((-8)/1480) composite?
True
Suppose 1435 = 6*o - 1097. Is o prime?
False
Suppose 3*r - 156 = -3*g + 6*r, 0 = -2*g - 2*r + 88. Suppose 0 = 3*a + g - 267. Let q = a - 38. Is q composite?
True
Is -6*((-122)/20 + 2/(-5)) prime?
False
Suppose -49 - 110 = -3*m. Is m a prime number?
True
Let n(u) = -32*u - 14. Let x be (-1 + -2)*3 - -3. Is n(x) prime?
False
Is 235 + 3 - 2 - -1 a prime number?
False
Let l(y) = 4*y**2 - y + 2. Is l(-9) a composite number?
True
Let o be 1 + (-2 - 741/(-3)). Suppose 5*y - o = 19. Is y a prime number?
True
Let l(i) = -39*i - 1. Let q(v) = v**3 + 2*v + 1. Let n be q(-1). Is l(n) prime?
False
Let n be 838 + 1 - (3 - 2). Is (n/4)/(4/8) composite?
False
Let h(k) = -k**3 + 14*k**2 - 6*k + 6. Let u be h(8). Let c = u + -185. Is c composite?
False
Let w(g) be the second derivative of 29*g**3/6 - 2*g**2 + g. Is w(3) composite?
False
Let m = 9 - 7. Is (-244)/(-8) - (-1)/m a prime number?
True
Let g be 3 - (65 - (-2)/1). Let l = g + 29. Let i = -4 - l. Is i a prime number?
True
Let l = -1693 - -3234. Is l prime?
False
Let l(k) = -42*k**2 + 116*k**2 + 83*k**2. Is l(1) prime?
True
Let s = 11 - -39. Suppose -w = 12 - s. Is w prime?
False
Suppose 23*q - 25*q = -3442. Is q composite?
False
Let x = -55 - 95. Let w = -57 - x. Suppose 0 = -d - 2*l + 30 + 1, -w = -3*d - l. Is d composite?
False
Let w(d) = d**3 + 2*d**2 + 7*d + 11. Let h(i) = -2*i**3 - 5*i**2 - 14*i - 21. Let o(b) = -6*h(b) - 11*w(b). Let s be 40/(-7) + 6/(-21). Is o(s) a prime number?
False
Let a(g) = -1 - 4*g - 1 - 6*g**2 + g**2 - 4*g**3 + 6*g**2. Is a(-3) composite?
False
Is (-4955)/10*(-4)/2 a composite number?
False
Let w(d) = -29*d - 13. Is w(-6) a prime number?
False
Suppose 0 = h - 5*l - 118, 3*l + 105 = h - 11. Is h prime?
True
Let m = -1 - -2. Let o(g) = -g**2 + g. Let l be o(m). Suppose -4*w + 7*w - 21 = l. Is w composite?
False
Suppose f + 6*q = 3*q - 9, -3*f = -3*q - 9. Suppose f*s = 3*s - 3. Is (-13)/(0 - s/3) prime?
False
Suppose n + 5*u = -6 - 11, 0 = 2*u + 10. Suppose -y + 107 = q, 0 = 2*y + n - 0. Is q a composite number?
True
Suppose -5*s - 5*r = -510, -2*r - 3*r + 408 = 4*s. Suppose u = 4*g - u - s, g + 5*u + 2 = 0. Is g a composite number?
False
Suppose 4*n - 1 = -5*b + 9, -3*n = 0. Let h = 47 - 23. Suppose -h = -2*g - b*g. Is g a composite number?
True
Let a(p) = -518*p**3 - p. Let b = -13 - -12. Is a(b) a prime number?
False
Let w be 74/(-4) - 3/(-6). Let g = w + 25. Is g a prime number?
True
Let i be -3 + 1 + (574 - -3). Suppose -2*f - 3*f = -i. Is f a composite number?
True
Suppose -64 - 197 = -3*w - 3*a, 2*a + 251 = 3*w. Is w a composite number?
True
Suppose 11 - 27 = -g. Let q be 8/36 - g/(-9). Suppose h = -h + q*s + 28, 4*s = 2*h - 34. Is h composite?
False
Let s(v) = 299*v**2 + 8*v + 11. Is s(-2) a prime number?
False
Let w be 17/85 + 38/10. Let l = 467 - 210. Suppose -h - w*z = -63, 5*h = 5*z + 158 + l. Is h prime?
True
Let o(t) = 39*t**2 + 3*t - 1. Let s be o(2). Let l = s + -66. Is l a composite number?
True
Let g = -11 - 3. Suppose -7*n + 3*n = 4*h + 424, -2*h = 5*n + 521. Let d = g - n. Is d a prime number?
True
Let k = -2 + 3. Suppose v - k = 0, r + 2*r = -4*v + 25. Is r a composite number?
False
Let r(s) = s**3 + 11*s**2 + 12*s - 8. Let v(u) = -u**3 + 6*u**2 - 7*u + 1. Let y be v(5). Is r(y) a prime number?
False
Suppose 5*k + 13 + 52 = -5*h, 0 = k + 5. Let r(s) = s**3 + 10*s**2 + 10*s - 11. Is r(h) a composite number?
False
Suppose 0 = 2*f - f - 721. Is f prime?
False
Let x be -118 + -3 + 1 + 3. Let z = -58 - x. Is z a composite number?
False
Let p(s) = 183*s + 1. Is p(8) composite?
True
Let v(s) = -s**2 - 7*s + 2. Let p be v(-8). Let q = -4 - p. Is 11 - ((q - 2) + 2) composite?
True
Let r(x) = 7*x**2 + 13*x**3 + 10*x**3 - 8*x**2. Let s be r(2). Suppose -w + s = 5*i, 5*i + 0*w - 5*w - 210 = 0. Is i a prime number?
True
Suppose 2*s = -a + 308 + 312, 0 = a - 4. Suppose 4*h + 2*b - s = 0, -3*b + 0*b + 383 = 5*h. Is h a composite number?
False
Let w(g) = 22*g**2 - 3*g + 1. Is w(2) prime?
True
Suppose -j + 0*j = 3*o + 7, -23 = -4*j + 5*o. Let m be 2 - j - 1*-1. Let q(g) = 11*g**3 - 1. Is q(m) composite?
True
Let r be (-2*1)/((-4)/8). Suppose -r*n - 5*q - 9 + 93 = 0, q = -4*n + 84. Is n a prime number?
False
Suppose 1 = 4*i - 7. Suppose i*b = -2*o + 4*o + 40, -3 = -3*o. Is b composite?
True
Let u be (1/(-2))/(8/(-16)). Let d(m) = 55*m + 1. Let y be d(u). Suppose -y = 4*f - 160. Is f composite?
True
Suppose 24 = 8*r - 5*r. Let i = 23 - r. Is i a composite number?
True
Let s(k) = 2*k**3 + 2*k + 4. Let w be (-16)/(-6) - 2/(-6). Let x be s(w). Let b = x - 33. Is b composite?
False
Suppose h - 2*y - 257 = 0, -3*h - y + 613 + 137 = 0. Is h prime?
True
Let s = -2135 + 4468. Is s composite?
False
Let a(q) = 249*q - 2. Is a(1) a prime number?
False
Is 5 - (-70)/(-15) - 36532/(-6) a prime number?
True
Let p(c) = -c - 1. Let h(f) = -f**2 + 2*f - 1. Let u be h(3). Let y be p(u). Let a(i) = 3*i**2 - 4*i - 1. Is a(y) a prime number?
False
Let w be 4/14 - (-36)/21. Let m(a) = 16*a**2 - 2*a - 1. Is m(w) composite?
False
Suppose -x + c + 0*c + 41 = 0, 4*x + 2*c - 182 = 0. Let o be x/(-2 + 4) + -2. Suppose -6 = -w + o. Is w a prime number?
False
Suppose 20 = 4*r + 4*u, -6*r - 2*u = -2*r - 16. Suppose 236 = 5*a + 3*y, 0*a - r*a = -4*y - 159. Is a prime?
False
Let b(o) = -o**2 - 3*o - 7. Let k be b(-5). Let g = k + 30. Suppose -4*w + 4*s = 3*s - 25, 0 = 4*w - 5*s - g. Is w a prime number?
True
Let l(q) = 14*q - 17. Is l(5) prime?
True
Suppose -83 = -t + 3*s, 2*s = -3*s - 20. Is t a prime number?
True
Let n be (1 - 3) + 3*-2. Let q = n + 45. Is q - (1 - -1)*1 prime?
False
Suppose 2*d - 32 = -3*x, 4*x + 14 = 2*d + d. Let p(u) = u**2 - 9*u + 13. Is p(d) composite?
False
Suppose z - 6*z + 65 = 5*h, 0 = -4*h - z + 64. Let b = -2 - -4. Suppose x - h + b = 0. Is x prime?
False
Let d(k) = -3*k + 25. Is d(6) prime?
True
Let g(c) = c**3 - 2*c**2 - c + 4. Let p be g(3). Suppose -4*t + p = -2*t. Let o(k) = 2*k + 3. Is o(t) prime?
True
Let w(u) = 3*u**3 + 5*u**2 - 5*u + 2. Let b(h) = -h**3 - h**2 + h. Let g(x) = 2*b(x) + w(x). Let a(r) = -r - 3. Let y be a(0). Is g(y) a composite number?
False
Let c(i) = -i + 2. Let n be c(-3). Suppose -4*p - l = -124 - 91, -n*p + 256 = -3*l. Is p/(1 + -2 - -2) a composite number?
False
Let l = 5725 - 816. Is l composite?
False
Let s be (-8)/12 - (-16)/6. Suppose -s*t + 6 = 2. Suppose t*y - 125 - 33 = 0. Is y composite?
False
Let v(n) = 30*n - 3. Let x be v(-3). Is x*(5/3)/(-5) prime?
True
Let h be (2 + -410)/(-3) + -2. Let f = h - -155. Is f a composite number?
True
Suppose -l + 1 = 0, -4*z + 4*l = l + 35. Is (-19)/(-3 - z/4) a composite number?
False
Let q(a) = -a - 6. Let o be q(-11). Suppose -54 = o*b - 449. Is b a prime number?
True
Let o(x) = 2*x**2 - 3*x + 3. Let f be o(3). Suppose -f = 3*l - 0*l. Let k = 15 - l. Is k a prime number?
True
Is (2180 - 3) + 2/(-4)*-4 a prime number?
True
Suppose c - 2 = -0. Suppose 0*n - 182 = -c*n. Is n a composite number?
True
Let h = 2 + 2. Suppose 5*w + 3*m = -160, -9 - 11 = h*m. Let t = -20 - w. Is t composite?
True
Let w(b) = 96*b**2 + 2*b - 3. Let d be w(2). Let r = d + 690. Suppose 6*h - h - r = 0. Is h prime?
False
Suppose 4*g = 6*g - 334. Is g a prime number?
True
Let k be 585/(-12) - (-6)/8. Let u be ((-6)/8)/(6/k). Suppose u*d - 3*d = 111. Is d a prime number?
True
Let i be ((-3)/(-9))/((-3)/(-18)). Let t(f) = -f**3 - 5*f**2 + 6*f + 2. Let b be t(-6). Suppose -b*c = -5*y - 45,